 4*y - 4*w - 8. What is the remainder when 149 is divided by y?
5
What is the remainder when 6942 is divided by ((-4)/24 + 1)/(-5 + 546/108)?
12
Let r be 9*((-2)/(-3))/((-4)/(-38)). Suppose -3*n = -r + 45. What is the remainder when 200/9 + 6/(-27) is divided by n?
2
Suppose 3*p + 246 = 2*d + 71, 3*p + 460 = 5*d. What is the remainder when 566 is divided by d?
91
Let x(w) = 142*w**3 - 67*w**2 + 191*w - 7. Calculate the remainder when x(3) is divided by 190.
187
Let d(f) = f**3 - 8*f**2 + 4*f - 6. Suppose -575 = -14*p + 1091. Let t = -44 + p. What is the remainder when t is divided by d(8)?
23
Suppose 6*u = 3*u - 792. Let x = -160 - u. Let m(l) = 2*l**2 + 53*l + 383. What is the remainder when x is divided by m(-12)?
34
Suppose 2*f - 52 = -2*f. Let h = f - 10. What is the remainder when 27 is divided by (-202)/(-14) - h/7?
13
Let v = 262 + -293. Let i = 45 + v. Calculate the remainder when 93 is divided by i.
9
Let d be -1 + 33/(3 + (-46)/15). Let q = d - -529. Calculate the remainder when 263 is divided by q.
32
Let k(c) be the second derivative of -13*c**3/6 - c**2 + 31*c. Let x be k(-1). Suppose x*u - u = 260. Calculate the remainder when u is divided by 4.
2
Let c(r) = r**2 + 21*r - 16. Let q(u) = 4*u**2 + 63*u - 46. Let a(h) = 7*c(h) - 2*q(h). What is the remainder when a(18) is divided by 12?
10
Let y be (212/11)/4 + (-2)/(-11). Suppose 319 + y = -4*r. Calculate the remainder when (-2)/10 + (-4 - r/5) is divided by 3.
0
Suppose -20 = -5*q + 4*g + g, 0 = 2*g. Suppose -q*v + 572 = 544. What is the remainder when 15 is divided by v?
1
Suppose 3*o - 37 = 4*u, 0*o - o - 4*u + 7 = 0. What is the remainder when ((-6)/7)/(20/(-350)) is divided by o?
4
Let g = -70 - -73. Suppose -g*i - 270 = -5*u, -33*i + 30*i = u - 36. What is the remainder when 162 is divided by u?
9
Let l = 42 - 39. Suppose -o - x = -l*o + 1, -x = -o. What is the remainder when (2/(-4))/(o/(-14)) is divided by 5?
2
Suppose -2*h + 7*h - 3525 = 5*s, 5*h + 20 = 0. Let t = -702 - s. What is the remainder when t is divided by 7?
0
Suppose -3*x - 3*z + 360 = 0, 3*x + x + 2*z - 474 = 0. Let p be ((-4)/(-5))/(-1)*-5. Calculate the remainder when x is divided by 1*(p + (0 - -26)).
27
Let v(j) = j - 6 - 3*j + 3 - j. Let s be v(-2). Suppose -s*h = -78 + 3. What is the remainder when h is divided by 7?
4
Suppose 15*a + 109 = 1009. What is the remainder when 902 is divided by a?
2
Suppose 8*r - 5 = -5. Suppose r*k + 360 = 6*k. Let q = -26 + k. What is the remainder when 131 is divided by q?
29
Suppose 2*s + 64 = w, 2*s - 146 = -2*w - 3*s. Let q = 301 - 292. Calculate the remainder when w is divided by q.
5
Let g(b) = b**2 - 21*b - 858. Suppose -4*a + 4*q = -504, -a - 2*q - 379 = -4*a. Calculate the remainder when a is divided by g(-21).
7
Suppose 0 = -3*f + 18 - 9. Calculate the remainder when 28 is divided by -1*4/(-12)*10*f.
8
Let f = -255 + 391. Let x = f - 119. Calculate the remainder when 82 is divided by x.
14
What is the remainder when 1251 is divided by -2*10/(320/(-1552))?
87
Let s(r) = r**2 + 3*r + 36. Suppose 9*i = i + 6*i. Let b be s(i). Let c = -31 + b. What is the remainder when 10 is divided by c?
0
Suppose -4*x - 842 = -2654. Suppose 2*f + x = 797. What is the remainder when f is divided by 7?
4
Let l = 154 - 115. Suppose -4*t - l = -195. Suppose 2*y - 7*y + 50 = 2*a, 0 = -4*y + 3*a + 40. Calculate the remainder when t is divided by y.
9
Suppose -3*a - k + 25 = 0, -3*a = a + 2*k - 30. Suppose -a*w + 20 = -3930. Calculate the remainder when w is divided by 44.
43
Let z = 5689 - 5462. What is the remainder when z is divided by 43?
12
Let r = 389 + -273. Suppose 3*n - j = r, -9 = -n + 5*j + 11. What is the remainder when n is divided by 24?
16
Let z = 71 + -66. Calculate the remainder when 47 is divided by 2 + (-10 + z)/(20/(-16)).
5
Suppose -2*l = 5*r - 9408, 0 = 4*l + 47*r - 42*r - 18786. What is the remainder when l is divided by 70?
69
Let q(c) = 19*c**2 + c + 1. Suppose 41*u + u = 329 + 553. Calculate the remainder when q(-2) is divided by u.
12
Let b(t) = -t + 5. Let w be b(7). Let p(y) = 4*y + 10. Let k be p(w). Suppose 0 = -h - 1, 4*z - 73 = -z - k*h. Calculate the remainder when 149 is divided by z.
14
Calculate the remainder when 239 is divided by 27/((-1620)/(-8)) - 4629/(-45).
33
Let h(b) = 4*b + 50. Let z(t) = t + 10. Let k(a) = 3*h(a) - 16*z(a). Let o be ((-72)/(-48))/(12/(-40)). Calculate the remainder when 75 is divided by k(o).
5
Let o = -2265 + 2276. What is the remainder when 6797 is divided by o?
10
Let s(t) = 20*t**2 + 59*t + 537. Calculate the remainder when s(-8) is divided by 150.
145
Suppose 38*n + 235 = 33*n. Let h = n + 50. Suppose r = 2*z + h*r - 38, -23 = -2*z + r. What is the remainder when 27 is divided by z?
13
Let q = -744 + 1210. What is the remainder when 940 is divided by q?
8
Let i(s) = 12*s**3 + 2*s**2 - s - 3. Let h(c) = -c - 5. What is the remainder when i(3) is divided by h(-18)?
11
Let s(h) = -h**2 + 3*h**3 + 138 - 3*h + 6*h + 117 - 4*h**3 - 254. Let w = -7 - -4. What is the remainder when 27 is divided by s(w)?
7
Suppose 3*n + 5*z = 40, 0 = -8*n + 3*n - z + 96. Suppose n*c - 766 = 14. What is the remainder when c is divided by 17?
5
Suppose -67*j - 7 = -68*j. Suppose 0 = -j*w + 10*w - 21. Calculate the remainder when 7 is divided by w.
0
Let f = 500 + -1226. Let q = f + 1284. What is the remainder when q is divided by 80?
78
Let f = 11219 - 10831. Calculate the remainder when 9699 is divided by f.
387
Let v be (-32)/(-10) + (-1)/5. Suppose 0 = -b - 4*f - 11 - 5, -51 = b - v*f. Let h = b + 71. What is the remainder when h is divided by 12?
11
Suppose -152*a = -24*a + 59*a - 172040. Calculate the remainder when a is divided by 79.
51
Let j(v) = 11*v + 105. Let g(b) = 5*b + 52. Let o(n) = -9*g(n) + 4*j(n). Let w be o(-16). Let r = w - -35. Calculate the remainder when 21 is divided by r.
0
Let r(t) = 42*t + 1246. What is the remainder when r(-13) is divided by 26?
24
Let a(i) = -i**3 - 3*i**2 + 83*i - 6. Calculate the remainder when 257 is divided by a(-11).
12
Suppose 544 = l - 3*p, -2*l - 2*p - 2*p = -1048. What is the remainder when l is divided by 77?
70
Let w be 1/((-126)/(-472) - 4/16). Let z(c) = -7*c**2 + 4*c + 3. Let i be z(-2). Let b = i + w. What is the remainder when 75 is divided by b?
23
Suppose 0 = -904*a + 911*a - 42. Suppose -17*q + 14*q + 4*b = 0, 0 = -2*b + a. What is the remainder when 13 is divided by q?
1
Let n be (-1)/(-1*(-3)/(-9)). Let u(i) = 7*i. Suppose 55*r - 2101 = 459 + 4260. What is the remainder when r is divided by u(n)?
19
Suppose -3*k - 2*k = 4*n + 498, -k - 87 = 5*n. Let h = 41 - k. Calculate the remainder when h is divided by 49.
45
Let p(x) = 2*x**2 + 5*x + 3. Let z be p(5). Let y be (-13)/(z/(-72)) + 2 + -2. Suppose -6*q = -156 - y. What is the remainder when 81 is divided by q?
25
Let l = 11068 + -10226. What is the remainder when l is divided by 229?
155
Suppose 17*s - 14 = 10*s. Calculate the remainder when 94 is divided by (-46 - -50)/(1/12*s).
22
Suppose 12*n - p - 12 = 10*n, 3*n - 2*p = 16. Suppose n*s + 936 - 2944 = 0. What is the remainder when s is divided by 84?
83
Let a be (-2)/((-28)/6) - 360/(-140). Suppose -4*m + 126 = -2*o, 0*o - 5*o + 75 = a*m. Calculate the remainder when m is divided by 15.
0
What is the remainder when 4612 is divided by -8 + 82 - (-6)/(-2)?
68
Suppose 3*r + m - 5261 = 0, 329*r = 327*r - m + 3507. Calculate the remainder when r is divided by 7.
4
Let m(v) = v**3 + 3*v**2 + 14*v + 10. Suppose 5*c - 1 = -26. Let y be m(c). Let u = 141 + y. Calculate the remainder when 152 is divided by u.
28
Let j(n) = 17*n + 32. Let g be j(-19). Let a = g + 339. Calculate the remainder when a is divided by 18.
12
Suppose 0 = 16*f + 665 + 1687. Let c = f + 155. Suppose -4*b - 2*p + 226 = 0, b + 2*p + 2*p = 67. Calculate the remainder when b is divided by c.
7
Suppose 40 + 32 = -3*d. Let r = d - -102. Let s(m) = -93*m + 672. Calculate the remainder when r is divided by s(7).
15
Suppose m - 108*z = -106*z - 10, -3*m = 3*z - 33. What is the remainder when 229 is divided by m?
1
What is the remainder when 9611 is divided by 118/16 + 6/(-16) - (-17 + 2)?
19
Let n(c) = 9*c - 27. Let v be n(-10). Let u = v + 134. Calculate the remainder when 23 is divided by u.
6
Let u = -188 - -616. Le